981 (base 13) to base 9.
-14462070
Convert 6375001 (base 9) to base 16.
341d46
Convert 702aa21 (base 11) to base 15.
115c502
What is -26157a (base 11) in base 16?
-64943
What is -63bc6 (base 13) in base 8?
-537412
1ba9bb (base 12) to base 10
495647
Convert -18c5e (base 15) to base 4.
-103220132
Convert 18d6d (base 16) to base 2.
11000110101101101
-54412 (base 8) to base 4
-11210022
Convert -188633 (base 9) to base 11.
-80629
-4212024 (base 6) to base 14
-5445a
-ca91a (base 14) to base 16
-77aec
What is -10100001011001111111 (base 2) in base 11?
-411788
1020220202211 (base 3) to base 6
22150421
What is 6712547 (base 11) in base 2?
101100111010101011011010
85647 (base 11) to base 15
26d90
-648e0a (base 16) to base 5
-3141334322
What is e2114 (base 15) in base 5?
140400434
-300a9 (base 12) to base 10
-62337
What is -233031440 (base 5) in base 15?
-16069a
Convert c26521 (base 13) to base 14.
85b952
-9702aa (base 12) to base 3
-11111011200111
What is -3231143322 (base 5) in base 13?
-15761c4
-37274 (base 15) to base 13
-621a0
Convert -2106317 (base 8) to base 15.
-b105a
10a1b (base 12) to base 4
11122313
Convert 2052723 (base 8) to base 14.
103107
What is -1786a (base 14) in base 6?
-1134250
-213330 (base 6) to base 13
-8037
Convert 17310 (base 11) to base 3.
1020101012
What is -1250791 (base 10) in base 2?
-100110001010111100111
a179694 (base 11) to base 3
1020212002022202
-276a2 (base 15) to base 3
-20102100122
123003310 (base 4) to base 16
1b0f4
3262210 (base 9) to base 3
10022002020100
What is -10000000110110010 (base 2) in base 11?
-45623
Convert 1301544 (base 9) to base 4.
2231102002
10101200002 (base 3) to base 15
14c02
What is 5bb15 (base 12) in base 9?
208438
Convert 3686437 (base 10) to base 8.
16040045
Convert 118cd4 (base 14) to base 13.
180580
Convert 5b3bb (base 13) to base 16.
28ed1
1112222 (base 7) to base 2
100001100110111001
2010120001021 (base 3) to base 8
4244544
What is 11201202111122 (base 3) in base 8?
11457401
-23548 (base 16) to base 8
-432510
What is 11110110100101110111100 (base 2) in base 14?
1104a16
What is 3100521 (base 6) in base 8?
440741
What is 1020003302 (base 4) in base 10?
295154
323952 (base 10) to base 5
40331302
What is -10b34c (base 13) in base 14?
-a447d
Convert -11100001011110100000 (base 2) to base 6.
-31443412
What is -1b97039 (base 12) in base 9?
-12125280
Convert 2210211101202 (base 3) to base 7.
15454316
-4d33a6 (base 14) to base 2
-1010001001010101010110
What is 2100100101000 (base 3) in base 8?
4603214
Convert -64614 (base 10) to base 16.
-fc66
What is -2d630d (base 14) in base 5?
-401421441
What is 94748 (base 10) in base 15?
1d118
15615031 (base 8) to base 15
4b4e91
What is 2055133 (base 10) in base 8?
7655735
-131225 (base 6) to base 16
-2ec1
425251 (base 7) to base 6
1330011
Convert 140600 (base 11) to base 2.
110101110010110101
Convert -460599 (base 10) to base 13.
-131859
What is -6645840 (base 9) in base 12?
-1244009
1212244030 (base 5) to base 13
78b799
What is -11441400 (base 5) in base 11?
-74969
-320851 (base 10) to base 2
-1001110010101010011
Convert -58c02 (base 13) to base 12.
-79ba3
What is 10410332 (base 8) in base 14?
421870
-636227 (base 8) to base 12
-a2907
42231042 (base 6) to base 9
2277888
Convert -1b61e8 (base 16) to base 14.
-349db2
Convert -8121a (base 12) to base 9.
-275314
Convert 8ab03 (base 12) to base 13.
6612c
12023031 (base 4) to base 15
7763
Convert -6972634 (base 10) to base 5.
-3241111014
What is 22023120311 (base 4) in base 2?
1010001011011000110101
What is 11101000011000111110 (base 2) in base 12?
39aa26
What is -274978 (base 11) in base 7?
-3443546
Convert -790b3 (base 13) to base 12.
-a7286
Convert 131333312 (base 4) to base 6.
2344502
Convert -1434302 (base 7) to base 14.
-507a9
-424852 (base 12) to base 9
-1862328
Convert 100000100100000101100010 (base 2) to base 10.
8536418
-23538124 (base 9) to base 3
-210121022010211
368482 (base 13) to base 5
313203403
What is 10011010010000000100100 (base 2) in base 16?
4d2024
What is 33322202131 (base 4) in base 5?
2032000213
Convert 205d1 (base 16) to base 5.
13220221
-4378856 (base 9) to base 12
-957089
Convert -14016401 (base 7) to base 15.
-1a9c65
What is -25027145 (base 8) in base 4?
-111002321211
Convert -7a8e16 (base 15) to base 13.
-129b865
Convert -2d170 (base 15) to base 3.
-21101112020
-57d2c (base 14) to base 6
-4330100
-4a330 (base 13) to base 15
-2a7c5
-122232131 (base 4) to base 10
-109469
Convert 141548 (base 11) to base 13.
79b35
What is -40031024 (base 5) in base 4?
-1030302102
2224503 (base 6) to base 11
77586
Convert -334364 (base 8) to base 10.
-112884
What is -4440302 (base 5) in base 4?
-102330021
-10334514 (base 7) to base 9
-1584863
-1244302304 (base 5) to base 3
-12212110120110
-5ceb9 (base 16) to base 3
-201100002100
1138695 (base 10) to base 2
100010110000000000111
9a0799 (base 12) to base 11
1422220
What is -501884 (base 12) in base 6?
-42421444
What is -7ca93 (base 13) in base 11?
-146415
20200300000 (base 4) to base 14
421224
-342375 (base 10) to base 6
-11201023
What is -101100110110100011 (base 2) in base 16?
-2cda3
340403020 (base 5) to base 2
101101101100010101100
Convert -133a17 (base 12) to base 13.
-b17a2
What is -1110101011110 (base 2) in base 6?
-54450
Convert -3776713 (base 9) to base 4.
-13312210302
What is -1732955 (base 14) in base 8?
-53432457
What is 11c59db (base 14) in base 10?
8544029
What is -9584550 (base 10) in base 13?
-1ca7741
Convert -272020 (base 10) to base 6.
-5455204
-2253052 (base 6) to base 5
-12203044
What is -b9456 (base 12) in base 16?
-3ba42
-6855 (base 12) to base 13
-5372
Convert -204204235 (base 6) to base 12.
-123967b
What is -66330454 (base 7) in base 9?
-11654721
What is 17995 (base 15) in base 8?
225177
What is 11100010100011111 (base 2) in base 6?
2253011
243144200 (base 5) to base 12
4737a8
What is 3344121 (base 6) in base 13?
5c143
6cb43 (base 15) to base 16
54aa4
Convert -675551 (base 10) to base 4.
-2210323133
What is -4315520 (base 6) in base 16?
-33e28
What is 32235230 (base 7) in base 10?
2748578
-2211100201 (base 3) to base 14
-16402
-33b0 (base 12) to base 6
-42340
-688799 (base 11) to base 5
-240020122
What is -3ee12 (base 15) in base 11?
-128a92
What is 214531512 (base 6) in base 5?
1442301324
671497 (base 10) to base 15
d3e67
-4170c (base 14) to base 16
-26860
What is -654911 (base 11) in base 9?
-1863671
What is -285071 (base 13) in base 16?
-efc87
What is 11100210010 (base 3) in base 12?
41833
-5131250 (base 7) to base 10
-612731
What is 2012200111202 (base 3) in base 15?
183145
What is -1304222444 (base 5) in base 7?
-36105650
What is -10004002 (base 5) in base 12?
-39603
Convert -135535440 (base 6) to base 14.
-52b2da
-308004 (base 9) to base 10
-182983
What is 924747 (base 11) in base 2?
101101010100010100011
-33c348 (base 15) to base 10
-2471243
What is -2210012002 (base 3) in base 7?
-315542
What is -1101111000111100 (base 2) in base 7?
-324603
What is 625d6 (base 15) in base 10?
311826
-3c130 (base 14) to base 8
-441676
11110010111101101011 (base 2) to base 11
61a769
What is -231004242 (base 6) in base 16?
-40cc82
-10102120112101 (base 3) to base 16
-1bcdcf
What is 12121440 (base 5) in base 15?
23b9a
Convert 110310 (base 12) to base 16.
41ebc
What is -30a66 (base 15) in base 13?
-55272
-34d9d6 (base 14) to base 15
-259b25
Convert -431520 (base 8) to base 10.
-144208
Convert -100010110001010010 (base 2) to base 12.
-6a502
What is -340103203 (base 5) in base 6?
-51520320
What is -1414313334 (base 5) in base 7?
-43111100
-505775 (base 8) to base 15
-346c4
What is 4230534 (base 8) in base 16?
11315c
-338177 (base 12) to base 15
-113bad
Convert 3343355 (base 6) to base 7.
1303334
What is -110111101001111011 (base 2) in base 9?
-376632
b52c8b (base 14) to base 8
27251413
Convert 32420551 (base 6) to base 10.
967027
-35703701 (base 9) to base 8
-102353602
-163b30 (base 15) to base 8
-4065072
Convert -44142220 (base 6) to base 11.
-821689
What is 132310222 (base 4) in base 15?
2761a
-3c2dc (base 14) to base 8
-442432
1001001110001010111010 (base 2) to base 10
2417338
df77 (base 16) to base 2
1101111101110111
Convert -2e8e2 (base 16) to base 10.
-190690
What is 954b3 (base 14) in base 11?
226861
-511a9 (base 11) to base 16
-12418
Co